se 0 = l*o + 5*n - 45, 3*o - 3*n - n = 33. List the prime factors of o.
3, 5
Suppose 3*l + 46 = -x, -4*x - l + 4*l - 184 = 0. Suppose -b + 6*b + 2*s + 15 = 0, -5*b + s = 30. Let m = b - x. What are the prime factors of m?
41
List the prime factors of 2*(-2 + 629/2 - -1).
3, 11, 19
Suppose -8*i + 5 = -11. List the prime factors of 3 + (-1940)/(-8) + (-1)/i.
5, 7
Let s(h) = -11*h**2 + 20*h + 23*h**2 - 7*h**2 - 6*h**2 - 5. List the prime factors of s(8).
7, 13
Suppose 33*b - 3*b = 34740. What are the prime factors of b?
2, 3, 193
Suppose 4*r - 231 + 71 = 0. Let d(g) = 11*g - 187. Let t be d(17). Suppose t = -0*k - 2*k + r. What are the prime factors of k?
2, 5
Let s(l) = 4*l**2 - 5*l - 4. Let y be s(-3). Let t(u) = u**2 + 0*u**2 - y*u**3 - 2*u**2 + 1. What are the prime factors of t(-1)?
47
List the prime factors of (-6)/9 + (-3 - 4173/(-9)).
2, 5, 23
Let v(x) be the first derivative of x**7/840 - x**6/180 - x**5/60 + 4*x**3/3 - 5. Let y(g) be the third derivative of v(g). List the prime factors of y(3).
3
Let l = 12 + -8. Suppose -i + 24 = -l. List the prime factors of i.
2, 7
List the prime factors of (91/2)/(12/(-16) - -1).
2, 7, 13
Suppose -1214 = -4*m + 1994. Suppose x = 6*x + 4*c - m, 805 = 5*x + 5*c. What are the prime factors of x?
2, 79
Let t(a) = 180*a + 54. What are the prime factors of t(4)?
2, 3, 43
Let h(z) = -20 - 340*z - 31 + 346*z. What are the prime factors of h(17)?
3, 17
Let i(v) = 2*v**2 - 18*v + 4. Let q(s) = -s**2 + 10*s - 5. Let b be q(7). List the prime factors of i(b).
2, 3, 19
Let g(q) be the third derivative of q**6/40 + q**4/12 - q**3/6 - 6*q**2. Let z be g(1). Let f = z + 1. List the prime factors of f.
5
Let d(x) = 7*x + 16. Let u be d(0). Suppose u*i = 7*i + 2394. List the prime factors of i.
2, 7, 19
Suppose -q + 103 + 269 = 0. Suppose p + q = 5*p. List the prime factors of p.
3, 31
Suppose -2*o = -4*o - 4*u - 48, -31 = 4*o - 5*u. Let i = -33 - o. Let j = -12 - i. List the prime factors of j.
7
Let k = 3919 - 2690. What are the prime factors of k?
1229
Let l = -56 - -48. Let d = -5 + 1. Let f = d - l. List the prime factors of f.
2
Let d = 24 + -16. Suppose 5*c - 33 = -d. What are the prime factors of ((-54)/c)/(6/(-20))?
2, 3
Suppose 9*c - 2970 = -342. What are the prime factors of c?
2, 73
Suppose -8 = 4*m - 64. Let t = m - 2. What are the prime factors of t?
2, 3
Let n = -9382 - -13155. What are the prime factors of n?
7, 11
Suppose -9*n - 204 + 1329 = 0. Suppose k = -5*z - 139 + 734, -z + k = -n. What are the prime factors of z?
2, 3, 5
Suppose 1167 = 2*q + u, -11*q + 10*q + 586 = u. What are the prime factors of q?
7, 83
Let i(y) = -1721*y - 51. List the prime factors of i(-1).
2, 5, 167
Let b = 583 - -1013. What are the prime factors of b?
2, 3, 7, 19
Let z = -750 - -801. List the prime factors of z.
3, 17
Suppose -i + 5*n + 0 = 21, 3*i - 5 = -2*n. Let r(l) = 35*l - 9. Let a(q) = 17*q - 4. Let y(d) = -5*a(d) + 2*r(d). What are the prime factors of y(i)?
17
Suppose -5*f = -2*c - 0*c, 3*f - 5*c = 0. Suppose f*r - 5*r = 15, 16 = 4*p - 4*r. Let t(h) = 17*h**3 + h**2 - h + 1. List the prime factors of t(p).
2, 3
Suppose -2*r - r = -33. Suppose -r - 12 = -z. Suppose -7*f - z = -8*f. List the prime factors of f.
23
Suppose 2*s = -4*k + 4, -5*s - 4*k + 8 + 2 = 0. Suppose s*i + 28 = -5*n, -36 = 5*n + 2*i + 2*i. List the prime factors of 57/(n + 1)*-1.
19
Suppose -17*b + 4300 + 5169 = 0. List the prime factors of b.
557
List the prime factors of 2/(-3) + 6/(18/5819).
7, 277
Let t = 59 - 41. Suppose -13*x + t*x = 445. List the prime factors of x.
89
Suppose -5*v = 4*i - 136 - 214, -5*i + 446 = 2*v. What are the prime factors of i?
2, 3, 5
Suppose 5*d + 4*q - 38 + 10 = 0, 27 = 3*d - q. What are the prime factors of d?
2
List the prime factors of (-42)/(-14) - (-958)/2.
2, 241
Suppose v - 755 = -q, -4*v + 2989 = 2*q - 31. What are the prime factors of v?
5, 151
Suppose 2*t - 3111 = -2*t + m, 3*m = -9. Suppose -3*x = -5*n - 5*x + t, -4*n + 3*x = -617. Suppose -n = 2*p - 7*p. What are the prime factors of p?
31
Let o = 1476 - 994. List the prime factors of o.
2, 241
Let b(f) = -f + 13. Let c be b(11). Suppose -c*v + 2*j + 15 = -j, 0 = -5*v - j + 12. Suppose 7*n - v*n - 92 = 0. What are the prime factors of n?
23
Let l(q) = 46*q**2 + 2*q. Let x be l(-3). Suppose -x = -t - 7*t. What are the prime factors of t?
3, 17
Let g(k) = 3*k + 3. Let d be g(8). Let m be (-18)/d*(-2 - 7). Suppose -m*s - 12 = -9*s. List the prime factors of s.
2
Let m = -1493 - -2130. List the prime factors of m.
7, 13
Let o(x) = x**3 - 9*x**2 + 13*x + 12. Let f be o(6). Let b = f - -24. What are the prime factors of b?
2, 3
Suppose -4*a = -3*i + 25, -4*i + 12 + 4 = -a. Let b(m) = m - 1. Let t(l) = l + 1. Let g(n) = a*b(n) - t(n). What are the prime factors of g(-3)?
2, 3
Let y(k) = -7*k + 26. Let g = 60 - 74. List the prime factors of y(g).
2, 31
Suppose -538 = -2*c - h, -3*h = 4*c - 7*c + 825. What are the prime factors of c?
271
Suppose 240 = -27*w + 23*w. Let s = 91 + w. What are the prime factors of s?
31
Suppose -l - 115 = 5*r - 2325, 5 = 5*r. List the prime factors of l.
3, 5, 7
Let o = -66 - -68. Let w be 12/3 + 2 + -2. Suppose -o*y - 5*q = -148, -w*y + 3*y + 80 = 4*q. What are the prime factors of y?
2
Let g(c) = -c**2 - 37. Let h be g(0). Let d = 124 + h. List the prime factors of d.
3, 29
Let b(d) = d**3 + 9*d**2 - 11*d + 9. Let y = -36 + 26. Let t be b(y). Suppose -4*w = -63 + t. What are the prime factors of w?
11
Let f(w) = -2*w**3 - 12*w**2 - 4*w - 16. What are the prime factors of f(-10)?
2, 103
Let h = 10 + -2. Let c(o) = -o**2 + 5*o. Let d(y) = y**2 - 4*y - 1. Let g(n) = 6*c(n) + 5*d(n). List the prime factors of g(h).
11
Let l(y) = 8*y - 6. Let w be l(23). Suppose 6*k = 4*i + 4*k - w, 58 = i - 5*k. What are the prime factors of i?
43
What are the prime factors of (2 - -50)/(-2)*(-102 + 2)?
2, 5, 13
Let g(l) = 380*l - 18. List the prime factors of g(2).
2, 7, 53
Let s be 0 - -1 - (-82 - 13). Suppose 98 = 2*r + 4*j - 3*j, 2*r = -2*j + s. What are the prime factors of r?
2, 5
List the prime factors of (-42)/(6 - -1) + (-4272)/(-4).
2, 3, 59
Let t(x) = x**2 + 8*x + 7. Let a be t(-7). Let i be -1*11*(-2)/(-6 - -8). Let p = i + a. What are the prime factors of p?
11
Let w(g) = -g**2 - 2*g + 3. Let n be w(-5). Let r be (0 + -2)*(-6)/n. What are the prime factors of r + (-8)/((-16)/90)?
2, 11
Suppose 1589 = 12*r - 5*r. Suppose -r + 663 = 4*g + 2*f, 5*g = -3*f + 544. List the prime factors of g.
2, 5, 11
Let k = 586 + -184. Suppose -5*x - 2*f + 896 - 245 = 0, 3*x + 5*f = k. List the prime factors of x.
3, 43
Let j(d) = -d**3 - 5*d**2 - 7. Let o be j(-5). Let i(q) = -6*q - 14 + 18 + 9. List the prime factors of i(o).
5, 11
Suppose -2*z - 284 = -2*v, 0 = -2*z - 2*v - 465 + 189. What are the prime factors of (875/z)/((-1)/32)?
2, 5
Let z be 0 - ((-4)/(-14) - (-4)/(-14)). Suppose z = -p + 3*v + 54, 4*p = -v - 84 + 326. List the prime factors of p.
2, 3, 5
List the prime factors of 737 - 12/(-4)*(-3)/(-9).
2, 3, 41
List the prime factors of (-4 - (-312)/80)*-10*2209.
47
Let y(l) = l**3 - 9*l**2 + 45*l + 44. What are the prime factors of y(14)?
2, 827
Suppose -3*i - 4*f = -0*i - 5096, 0 = 3*i - 3*f - 5103. Suppose n + i = 5*c - 3*n, 0 = c - 4*n - 340. List the prime factors of c.
2, 5, 17
Let i(r) = -5*r - 2. Let f(v) = 3*v + v + 1 - 5*v + 0. Let t(x) = 4*f(x) - i(x). List the prime factors of t(9).
3, 5
Suppose -3*r - 10*a + 9595 = -5*a, -5*r = -4*a - 16004. List the prime factors of r.
2, 5
Let t(a) = -16*a**3 + 2*a**2 + 4*a - 3. Let z be t(-4). Suppose -377 = 11*j - z. What are the prime factors of j?
2, 3, 5
Suppose 3*j = 2*v + 20, -3*v - 3 = -3*j + 21. List the prime factors of 212 + 2 + v - -1.
211
Let t = 43 + -41. Let m(u) = 2*u**2 + 5*u - 5. List the prime factors of m(t).
13
Let w = -17 + 25. Suppose -w*h + 60 = -4*h. Let k = h + -10. What are the prime factors of k?
5
Let y(c) = 0*c - c - 6*c + 4*c**2 + 10 + 0*c**2. List the prime factors of y(5).
3, 5
Suppose -168 + 12 = -3*r. Let x = -51 - -20. Let o = x + r. What are the prime factors of o?
3, 7
Let v = -1838 + 3403. List the prime factors of v.
5, 313
Let k(v) = 60*v + 62. Let q be k(-4). What are the prime factors of (-1)/(-2)*q/(-1)?
89
Let s be (2 - 1) + 3*8/(-3). Let z(f) = -1